 Calculate the highest common factor of 220 and r.
11
Let z(v) = -11*v**2 + 211*v + 741. Let q be z(-3). Suppose 99 = 4*u + c - 479, 4*u = -3*c + 582. What is the greatest common divisor of q and u?
9
Suppose 2*j = 5*v + 368, 0 = -194*v + 192*v + 4. What is the greatest common divisor of 25893 and j?
189
Let k = 1 + -1. Let c = -8794 + 8803. Suppose 12*x - 63 - c = k. What is the highest common factor of x and 18?
6
Let i be (-1)/((-1)/(143/1)). Suppose -2*l + 0 - 4 = -u, 5*u = 3*l - 15. Let a be (13/(-3))/(-2 - 10/u). Calculate the highest common divisor of i and a.
13
Suppose 36*p - 30*p - 30 = 0. Let u = 129 - 264. Let x be 9/(u/6) - (-277)/p. Calculate the highest common factor of x and 11.
11
Let a = 175 + -103. Suppose 14*n + a = -4*n. Let r(q) = -22*q - 4. Let p be r(n). Calculate the highest common divisor of 12 and p.
12
Suppose -2*z + 4*b = -38, -z + 4*b = 1 - 22. Calculate the highest common divisor of 8806 and z.
17
Suppose -30*o - 2907 = -149*o + 4233. Calculate the greatest common factor of 375 and o.
15
Suppose -5*x + 4*p + 1487 = 0, 9*p = 4*x + 10*p - 1198. Suppose 151 + x = 3*m. What is the greatest common divisor of 50 and m?
50
Let i(m) = m**3 + 2*m**2 - 115*m - 188. Let h be i(11). What is the highest common factor of h and 2080?
40
Let o(s) = -47*s + 141. Let h be o(-2). What is the highest common divisor of h and 17155?
235
Let y be ((-630)/(-9) - -11) + 0. What is the greatest common factor of 837 and y?
27
Let k be (-109)/(-4) + 175/(-1600)*-16. Calculate the greatest common divisor of k and 27811.
29
Let i = -23 + 12. Let u(z) = -62*z - 61. Let b be u(i). What is the highest common factor of 23 and b?
23
Let q(m) = 253*m - 60. Let a be q(-3). Let x = a + 833. What is the highest common divisor of x and 21?
7
Suppose -8*n - 1586 = 2*o - 5210, 0 = -2*n + 6. What is the greatest common factor of 48 and o?
24
Let t = -4018 - -7878. What is the highest common divisor of t and 20?
20
Suppose 0 = -27*m + 57*m + 19*m - 9604. Calculate the greatest common divisor of 1813 and m.
49
Let i(h) = 8*h - 22. Let u = 35 + -32. Let x be i(u). Calculate the greatest common factor of x and 34.
2
Let j = 3455 - 3453. Calculate the highest common factor of j and 1482.
2
Suppose 27*s - 32*s + 15 = 0. Suppose 6*n + 5*x = 2*n + 1599, -387 = -n + s*x. What is the greatest common factor of n and 24?
12
Suppose -24*l + 277003 = 84187. Calculate the greatest common divisor of l and 13.
13
Let j = -60 - -60. Suppose j = 5*q + u - 55, -5*q + 2*u = -35 - 20. Suppose 0 = -5*b + 126 + 369. Calculate the greatest common divisor of b and q.
11
Let k be (-78)/72*-63 - 3/(-4). Let c = 11 + k. What is the greatest common factor of 110 and c?
10
Let j(w) = -w**2 - 3*w + 544. Let u be j(0). Let g(x) = -x**2 + 72*x - 318. Let d be g(67). What is the highest common factor of d and u?
17
Let t = 16 - -166. Let k be (-1 - 0)/(4/612). Let j = k + t. What is the highest common factor of j and 203?
29
Let v be (1 + 655 - 0) + 0. Suppose 703*y - 707*y + 4*f + 109 = -f, 0 = -4*f + 44. What is the highest common factor of y and v?
41
Let b(o) = -6*o + 30. Let l be b(5). Let p(u) = -2*u + 35. Let g be p(l). Suppose -4*w = -0*w - 28. Calculate the greatest common factor of w and g.
7
Let j(h) = h**3 + 3*h**2 - 3*h - 2. Let u be j(-3). Suppose 51 = u*p - 47. Suppose 11*a = p*a - 90. What is the greatest common factor of a and 3?
3
Let n be 930/(184/(-16) - -13). What is the highest common divisor of n and 2015?
155
Suppose -3*d = 2*p - 6*d - 491, 2*d + 970 = 4*p. Suppose p + 139 = 5*h. Suppose 14*y = 29*y - 2850. Calculate the greatest common factor of y and h.
38
Suppose 4*u + 2*o = 6688, 593 = u + 3*o - 1079. Calculate the highest common divisor of 95 and u.
19
Suppose 0 = -4*q - 3*q + 14. Suppose 0 = 3*b - 3*i - 945, -i - q*i + 3 = 0. Suppose -b = -11*n + 58. Calculate the greatest common divisor of 85 and n.
17
Suppose -2*h = -4*o - 374, -o + 6*o + h + 478 = 0. Let j = o + 62. Let g = -9 - j. What is the highest common divisor of 8 and g?
8
Suppose 0 = -10*a + 14*a. Suppose 89*r - 87*r - 4 = a. Suppose 3*b - 9 = k - 2*b, -4*k + 4*b + 44 = 0. Calculate the greatest common divisor of k and r.
2
Suppose -5 = -6*b - 17. Let y be b/(-2 + (-55)/(-30)). What is the highest common factor of 6 and y?
6
Let d(r) = 7*r**2 - r. Let n be d(2). Suppose 8*x - 1105 = -1105. Let y be -3 + x + 6960/30 + 5. What is the highest common factor of n and y?
26
Suppose 460*x + 5 = 465*x, -8*q + 17397 = -3*x. Calculate the greatest common factor of q and 1160.
145
Suppose -120*m + 1947 + 2400 = 41*m. What is the greatest common divisor of m and 12?
3
Suppose 235*a = 2785 + 3795. Let t(c) = -155*c - 2. Let b be t(-2). What is the greatest common divisor of a and b?
28
Let q(y) = 3*y**2 - 44*y + 20. Let p be q(14). Let r be (p - (22 - -9))*(-2)/6. What is the highest common factor of 1 and r?
1
Suppose 16 = -4*c, -20 = -0*u - 4*u + 2*c. Let i be (70/u - (-4)/(-3))*2. Calculate the greatest common factor of 176 and i.
44
Let n be (1*-46 - 0)/1. Let j be (3*-2)/(-9 + (-1410)/(-160)). Let p = j - n. What is the greatest common divisor of p and 39?
39
Suppose -339 + 1479 = 4*y. Suppose 1653*f - 4560 = 1613*f. Calculate the greatest common divisor of f and y.
57
Let x = -1773 - -2973. Suppose -31*v + x = 19*v. Calculate the highest common divisor of 24 and v.
24
Suppose n + n + w = -55, -10 = 2*w. Let a = n + 385. Calculate the greatest common factor of a and 40.
40
Let i(p) = -p**2 - 73*p - 10. Let n be i(-69). What is the greatest common factor of 1442 and n?
14
Let a(p) = -p**3 + 38*p**2 - 78*p + 135. Let t be a(34). Calculate the highest common divisor of 86 and t.
43
Suppose -22*n = 17*n - 37401. What is the highest common divisor of 7 and n?
7
Let m be (-1)/(-1)*-3*(-6 + 5). Suppose m*u = 13*u - 290. Suppose y = -4*y + 1160. What is the greatest common divisor of y and u?
29
Let b be (-4182)/(-10) - 122/610. Suppose -2*z + 87 = 11. What is the greatest common factor of b and z?
38
Let i = 78 - 75. Suppose i*h - 2*h - 1 = 0. What is the highest common divisor of h and 25?
1
Let x be 2224/21 + (-3)/(-7) - 68/51. Suppose 45 = w + 2*w. What is the highest common divisor of x and w?
15
Suppose 5*m = 9*m. Suppose m = 16*i - 18*i - 42. Let c = -19 - i. What is the greatest common divisor of 3 and c?
1
Let n(r) = r**2 - 27*r - 130. Let g be n(40). Let a = g - 387. Calculate the highest common factor of 141 and a.
3
Suppose 40*j + 606 = 926. What is the highest common factor of j and 6008?
8
Suppose 125 = -3*v - l, 203 = -5*v + 3*l - 2*l. Let u be 20/(-40)*2*-7 - 98. Let x = v - u. Calculate the highest common factor of 20 and x.
10
Suppose -b + y = -39, 28*b + 2*y = 27*b + 30. Suppose 2*z - 65*t + 62*t - b = 0, -4*t = 3*z - 71. What is the greatest common factor of z and 35?
7
Let u be 68/7 - 1956/(-6846). What is the highest common factor of 43380 and u?
10
Suppose 2*p + w - 3 - 4 = 0, 0 = -2*p + 5*w - 11. Suppose 0 = 3*f - p*t - 266, -3*f + 264 = 22*t - 25*t. Calculate the highest common divisor of f and 20.
10
Let a(d) = 11*d - 57. Let f(v) = v**2 - 6*v + 21. Let g be f(3). Let m be a(g). What is the highest common divisor of m and 50?
25
Let w = -509 - -505. Let d be (14/w)/((-24)/288). Let h(x) = x**3 + x**2 + x + 105. Let z be h(0). Calculate the greatest common divisor of z and d.
21
Let h = 77 + -130. Let p = 89 + h. Suppose -3*w = -p + 15. What is the greatest common divisor of w and 49?
7
Let v(k) = 3*k**2 - 203*k - 400. Let r be v(-2). What is the greatest common factor of r and 8298?
18
Let s be ((-10)/15)/((-5)/15). Calculate the highest common divisor of 394 and s.
2
Suppose 2*r - 1814 = -3*j, 3*j - 1226 = j + 2*r. Suppose 1698*w - 15573 + 30314 = 43977 + 35288. Calculate the highest common factor of w and j.
38
Let r(y) = -90*y - 4698. Let p be r(-55). Suppose 24 - 94 = -5*o. What is the highest common factor of o and p?
14
Let p = -341 + 421. Calculate the greatest common factor of 144 and p.
16
Suppose 35*b - 380 + 40 = -135*b. What is the greatest common divisor of 3788 and b?
2
Suppose 218*t + 156*t = 56100. What is the greatest common factor of 68 and t?
2
Suppose -5*l + 5*k + 1236 = -1724, -2*l + 1149 = 3*k. What is the greatest common divisor of l and 360?
45
Suppose 0 = -2*p